.
-10
Let b(g) = -16*g**2 - 5*g + 5. What is b(1)?
-16
Let k(q) = -23*q - 67. Determine k(-3).
2
Let r(h) = 4*h + 28. Give r(-7).
0
Let n(k) = -10*k + 131. What is n(14)?
-9
Let s(t) = t**3 - 4*t**2 + t + 18. Determine s(3).
12
Let r(h) = -h**3 + 9*h**2 - 13*h - 3. Determine r(7).
4
Let j(d) = d**2 + 28*d + 152. What is j(-20)?
-8
Let y(s) = 85*s**3 + 2*s**2 - s - 1. Determine y(1).
85
Let q(k) = -18*k**2 - 2*k + 8. What is q(3)?
-160
Let h(t) = -t**3 - 39*t**2 - 108*t + 5. What is h(-36)?
5
Let o(k) = -2*k - 79. Determine o(-36).
-7
Let r(l) = -l**2 - 32*l + 35. What is r(-34)?
-33
Let p(h) = -h**3 - 7*h**2 + 8*h - 8. Calculate p(-9).
82
Let x(q) = q**3 + 10*q**2 - 22*q + 17. Determine x(-12).
-7
Let j(t) = -7*t - 2. Give j(-2).
12
Let t(l) = 26*l + 39. Give t(-3).
-39
Let q(c) = c**2 + 8*c - 22. What is q(-13)?
43
Let b(x) = -x**2 - 6*x + 26. Give b(-9).
-1
Let s(g) = g**3 + 5*g**2 + 3*g - 2. What is s(-4)?
2
Let v(j) = j**2 - 6*j - 5. Determine v(6).
-5
Let y(h) = -14*h - 120. What is y(-7)?
-22
Let g(k) = 40*k - 333. What is g(9)?
27
Let z(c) = -c**3 - 15*c**2 - 56*c - 9. Give z(-6).
3
Let j(s) = -15*s**2 + s - 2. Calculate j(1).
-16
Let u(j) = -j**2 + 19*j - 93. Give u(10).
-3
Let v(z) = 2*z**3 - 4*z**2 - z + 1. Calculate v(3).
16
Let g(c) = c**2 + 12*c - 20. Calculate g(-10).
-40
Let k(h) = h**3 - 2*h**2 + 5*h + 13. Give k(-2).
-13
Let z(s) = 8*s + 142. Determine z(-17).
6
Let v(q) = -5*q + 37. Give v(13).
-28
Let y(v) = -v - 9. Give y(-7).
-2
Let x(p) = p + 6. Calculate x(-6).
0
Let n(x) = 30*x**3 + x**2. What is n(1)?
31
Let g(v) = 9*v**2 + v + 2. Give g(2).
40
Let r(x) = x + 4. Calculate r(-8).
-4
Let t(d) = -d - 23. What is t(-9)?
-14
Let u(z) = z**3 + 11*z**2 - 15*z - 32. Give u(-12).
4
Let i(j) = -j**3 - 11*j**2 - 27*j - 5. Give i(-4).
-9
Let y(x) = x**3 - x + 2. Give y(3).
26
Let s(h) = h**3 - 15*h**2 - 36*h + 30. Calculate s(17).
-4
Let p(v) = -3*v - 1. What is p(1)?
-4
Let p(r) = 2*r**2 - 24*r - 19. Calculate p(13).
7
Let s(m) = 2*m**2 - 4*m + 1. Determine s(3).
7
Let l(g) = -3*g + 111. Give l(39).
-6
Let d(q) = 6*q + 2. Determine d(-1).
-4
Let k(s) = -s**3 + 9*s**2 + 23*s - 13. Give k(11).
-2
Let b(g) = -26*g + 1. Calculate b(1).
-25
Let b(p) = p**3 + 19*p**2 - 23*p - 32. Determine b(-20).
28
Let b(i) = -i**3 - 11*i**2 - 10*i - 1. What is b(-10)?
-1
Let g(d) = -d**2 + 18*d - 15. What is g(13)?
50
Let q(b) = -11*b + 22. Determine q(3).
-11
Let l(k) = -4*k + 3. Calculate l(1).
-1
Let y(a) = -a**2 + 30*a - 103. What is y(26)?
1
Let a(u) = 2*u**2 + 3*u - 10. Calculate a(-6).
44
Let v(r) = r**2 - 8*r - 22. Calculate v(10).
-2
Let b(i) = -27*i - 9. What is b(-2)?
45
Let n(v) = v**2 - 7*v - 29. What is n(12)?
31
Let v(d) = 27*d + 18. What is v(-2)?
-36
Let c(v) = v**3 - 16*v**2 + 13*v - 2. Calculate c(15).
-32
Let i(l) = l**3 - 10*l**2 - 12*l + 7. Calculate i(11).
-4
Let c(r) = 10*r**2 - 13. Determine c(4).
147
Let v(h) = 2*h**2 - 15*h - 26. Give v(14).
156
Let j(m) = m**2 - 13. What is j(3)?
-4
Let v(o) = -o**3 + o**2 + o + 27. Give v(0).
27
Let s(q) = -q**3 - 3*q - 1. Determine s(-2).
13
Let n(f) = -2*f + 16. Give n(7).
2
Let y(n) = n**2 - 6*n - 8. What is y(8)?
8
Let a(s) = 13*s - 142. Calculate a(10).
-12
Let m(l) = l**3 + 6*l**2 - l - 2. Give m(-6).
4
Let m(c) = 3*c - 2. Give m(-2).
-8
Let y(i) = -6*i - 113. Give y(-19).
1
Let n(g) = -8*g + 161. What is n(21)?
-7
Let g(r) = -r**2 + 13*r - 49. Determine g(5).
-9
Let b(o) = -o - 4. Calculate b(-4).
0
Let w(p) = p**2 - 2*p + 6. Determine w(2).
6
Let z(w) = w**2 + 19*w + 4. Determine z(-19).
4
Let i(v) = -17*v**3 - 2*v + 1. What is i(1)?
-18
Let w(i) = -2*i - 121. Determine w(-42).
-37
Let a(p) = p**3 - 10*p**2 - 23*p - 27. Determine a(12).
-15
Let s(i) = -3*i - 96. What is s(-30)?
-6
Let s(u) = -3*u**2 + 18*u + 5. What is s(7)?
-16
Let j(g) = g + 12. Calculate j(-12).
0
Let j(a) = 12*a**2 - 4*a + 4. Give j(1).
12
Let g(m) = m**2 - 17*m + 15. Calculate g(11).
-51
Let i(f) = 2*f**3 - 10*f**2 - 3*f + 6. Give i(5).
-9
Let v(s) = s**3 + 12*s**2 + 29*s - 4. What is v(-9)?
-22
Let u(j) = -j**3 - 7*j**2 - 5*j + 9. Give u(-6).
3
Let z(o) = -63*o + 432. Calculate z(7).
-9
Let v(c) = 13*c**3 - 2*c**2 + 2*c + 2. Calculate v(-1).
-15
Let m(i) = 13*i - 1. What is m(2)?
25
Let i(c) = -c**3 + 9*c**2 - 10*c + 5. Give i(6).
53
Let w(c) = 6*c**3 + 5*c**2 - 5*c - 19. Calculate w(-2).
-37
Let q(m) = -m**2 + 2*m - 9. Give q(7).
-44
Let r(c) = -35*c + 25. Give r(6).
-185
Let z(w) = -3*w + 4. What is z(-5)?
19
Let c(i) = -i**2 - 4*i - 2. What is c(-3)?
1
Let v(a) = a**3 + a**2 - 2*a - 34. Calculate v(0).
-34
Let l(w) = w**3 + w + 73. Give l(0).
73
Let a(s) = 7*s**3 + s + 3. What is a(-2)?
-55
Let k(s) = 20*s + 152. Calculate k(-8).
-8
Let s(j) = -j**3 + 5*j**2 - 4*j. Give s(3).
6
Let b(t) = -t**3 - 2*t**2 + 4*t + 5. Calculate b(-2).
-3
Let r(k) = -k**3 + k**2 - 2*k + 5. Give r(0).
5
Let p(n) = -n**3 + 5*n**2 + 8*n - 16. Determine p(6).
-4
Let b(w) = w**3 + 9*w**2 + 4*w - 7. Give b(-8).
25
Let q(w) = w + 24. Determine q(-22).
2
Let c(y) = y**2 - y - 3. What is c(-4)?
17
Let s(g) = -g**3 + 9*g**2 - 10*g + 16. Calculate s(8).
0
Let f(l) = 43*l + 52. Calculate f(-4).
-120
Let r(b) = -21*b + 22. Calculate r(1).
1
Let a(g) = g**2 + 5*g + 4. Calculate a(-8).
28
Let c(o) = -o**3 - 7*o**2 - o - 3. What is c(-6)?
-33
Let q(p) = 3*p**2 - 8*p - 9. Determine q(3).
-6
Let i(k) = -k**3 - 13*k**2 - 14*k - 2. Calculate i(-12).
22
Let s(k) = k + 7. Give s(13).
20
Let g(m) = 11*m + 3. Calculate g(-5).
-52
Let j(p) = -p**2 - p + 4. Calculate j(-6).
-26
Let t(q) = 9*q + 49. Calculate t(-6).
-5
Let c(n) = n**2 - 19*n + 19. Determine c(17).
-15
Let d(r) = 2*r - 2. What is d(-4)?
-10
Let q(b) = -b**3 + 16*b**2 + 13*b + 54. Calculate q(17).
-14
Let i(q) = -8*q**3 + 2*q**2 + 2. Calculate i(2).
-54
Let f(z) = -z**3 - 16*z**2 - z + 1. Calculate f(-16).
17
Let m(d) = -3*d - 17. Give m(-12).
19
Let i(q) = q**3 - 6*q**2 - 10*q - 4. Determine i(8).
44
Let q(s) = -s**3 + 6*s**2 + s. Calculate q(5).
30
Let q(f) = -2*f**2 + 23*f + 2. What is q(13)?
-37
Let c(n) = 2*n. Give c(6).
12
Let c(s) = -3*s**2 + 4*s - 1. Calculate c(3).
-16
Let h(b) = 2*b**2 - 22*b - 2. Give h(9).
-38
Let w(t) = -t**3 + 8*t**2 - 8*t - 3. Give w(6).
21
Let s(t) = t**2 + 7*t - 5. Give s(-8).
3
Let o(r) = 13*r**3 - r**2 - 4*r + 2. Calculate o(1).
10
Let q(t) = -2*t**3 + 10*t**2 - 5*t + 10. Give q(4).
22
Let m(t) = -t**3 + t**2 + t - 3. Give m(0).
-3
Let t(o) = 2*o**2 + o - 68. Determine t(0).
-68
Let m(v) = v**3 - 3*v**2 - 10*v - 3. Determine m(-3).
-27
Let z(s) = -9*s - 1. Calculate z(1).
-10
Let r(m) = 9*m - 438. Give r(48).
-6
Let j(x) = 2*x - 69. Give j(36).
3
Let j(p) = 5*p**2 + 67*p + 45. Calculate j(-12).
-39
Let b(n) = n**3 - 9*n**2 - 3*n - 18. Determine b(9).
-45
Let g(j) = -j**3 - 5*j**2 - j - 3. Calculate g(-5).
2
Let b(j) = j**2 - 7*j - 6. Give b(7).
-6
Let c(h) = 2*h**2 + 8*h + 8. Calculate c(-4).
8
Let v(y) = y**3 + 18*y**2 - 25*y - 13. Determine v(-19).
101
Let m(l) = l**2 - 12*l - 3. Determine m(11).
-14
Let p(w) = -2*w - 10. Calculate p(8).
-26
Let z(j) = 14*j + 16. Determine z(-5).
-54
Let s(z) = z**2 - 12*z - 35. Calculate s(0).
-35
Let j(d) = -d**2 + 10*d - 17. What is j(8)?
-1
Let o(y) = 49*y - 31. What is o(3)?
116
Let a(t) = 2*t**2 + 10*t + 18. Give a(-3).
6
Let v(m) = -5*m**2 - 64*m - 56. What is v(-12)?
-8
Let i(n) = n**3 + 31*n**2 - 30*n + 68. Give i(-32).
4
Let y(i) = i**2 - 28*i + 148. Determine y(22).
16
Let x(w) = 32*w**3 + 2*w**2 + w. Determine x(-1).
-31
Let b(x) = 205*x + 614. Determine b(-3).
-1
Let a(t) = -t**3 + t**2 + 2*t + 3. Give a(-2).
11
Let w(n) = 5*n + 12. What is w(-9)?
-33
Let l(s) = s**3 + s**2 - 7*s - 10. Give l(0).
-10
Let o(y) = -y**2 - 6*y - 14. What is o(-5)?
-9
Let m(w) = w**3 - w - 1. Calculate m(-2).
-7
Let l(o) = -o**2 + 11*o - 16. Give l(15).
-76
Let o(v) = -2*v**2 + 11*v - 8. What is o(7)?
-29
Let q(b) = -b**2 - b - 12. Calculate q(0).
-12
Let h(d) = -5*d**2 + 24*d + 2. Determine h(5).
-3
Let k(n) = -2*n - 8. Calculate k(0).
-8
Let w(c) = -18*c - 6. What is w(-5)?
84
Let w(n) = -3*n + 11. Give w(6).
-7
Let k(p) = p + 40. Calculate k(-16).
24
Let h(w) = 12*w**2 - w + 4. Give h(0).
4
Let p(b) = 2*b - 7. Determine p(4).
1
Let o(i) = -i**3 - 9*i**2 - 9*i - 8. What is o(-8)?
0
Let d(h) = h**3 - 8*h**2 - 9*h + 7. C